{"id":919,"date":"2021-01-12T22:13:56","date_gmt":"2021-01-12T17:13:56","guid":{"rendered":"https:\/\/gruposrm.com\/web\/inicio\/?page_id=919"},"modified":"2026-04-10T05:48:28","modified_gmt":"2026-04-10T00:48:28","slug":"formas-de-pago-en-grupo-srm","status":"publish","type":"page","link":"https:\/\/gruposrm.com\/web\/inicio\/formas-de-pago-en-grupo-srm\/","title":{"rendered":"Formas de pago en Grupo SRM"},"content":{"rendered":"<p>[et_pb_section fb_built=\u00bb1&#8243; _builder_version=\u00bb4.16&#8243; _module_preset=\u00bbdefault\u00bb background_image=\u00bbhttps:\/\/gruposrm.com\/web\/wp-content\/uploads\/Titulo_MediosFormasDePago.jpg\u00bb custom_padding=\u00bb155px||185px|||\u00bb global_colors_info=\u00bb{}\u00bb][et_pb_row _builder_version=\u00bb4.16&#8243; _module_preset=\u00bbdefault\u00bb global_colors_info=\u00bb{}\u00bb][et_pb_column type=\u00bb4_4&#8243; _builder_version=\u00bb4.16&#8243; _module_preset=\u00bbdefault\u00bb global_colors_info=\u00bb{}\u00bb][et_pb_text _builder_version=\u00bb4.16&#8243; _module_preset=\u00bbdefault\u00bb global_colors_info=\u00bb{}\u00bb]<\/p>\n<h1 style=\"text-align: center;\">FORMAS Y MEDIOS DE PAGO<\/h1>\n<p>[\/et_pb_text][\/et_pb_column][\/et_pb_row][\/et_pb_section][et_pb_section fb_built=\u00bb1&#8243; _builder_version=\u00bb4.16&#8243; _module_preset=\u00bbdefault\u00bb custom_padding=\u00bb14px||23px|||\u00bb global_colors_info=\u00bb{}\u00bb][et_pb_row _builder_version=\u00bb4.20.2&#8243; _module_preset=\u00bbdefault\u00bb custom_padding=\u00bb27px||13px|||\u00bb global_colors_info=\u00bb{}\u00bb][et_pb_column type=\u00bb4_4&#8243; _builder_version=\u00bb4.20.2&#8243; _module_preset=\u00bbdefault\u00bb global_colors_info=\u00bb{}\u00bb][et_pb_text _builder_version=\u00bb4.17.3&#8243; _module_preset=\u00bbdefault\u00bb custom_margin=\u00bb||7px|||\u00bb global_colors_info=\u00bb{}\u00bb]<\/p>\n<p><span style=\"font-size: large;\">Ante todo, somos una empresa <strong>Colombiana<\/strong>, legalmente constituida ante la CCB desde el a\u00f1o 2.000. <strong>SRM Group S.A.S.<\/strong> <\/span><br \/><span style=\"font-size: large;\"><strong>Si, generamos factura electr\u00f3nica legal bajo la normativa vigente y mediante software contable autorizado por la DIAN<\/strong>.<\/span><br \/><span style=\"font-size: large;\">&#8211; Nuestro RUT \/ NIT es el 830.069.355-8<\/span><br \/><span style=\"font-size: large;\">&#8211; Puedes descargar nuestros documentos p\u00fablicos legales (RUT, C\u00e1mara de Comercio, certificaci\u00f3n bancaria, etc) en nuestra secci\u00f3n \u00ab<span style=\"color: #f76700;\"><strong><a href=\"https:\/\/gruposrm.com\/web\/inicio\/descargas\/\" target=\"_blank\" rel=\"noopener\" style=\"color: #f76700;\">Descargas<\/a><\/strong><\/span>\u00ab<\/span><br \/><span style=\"font-size: large;\">&#8211; Para adquirir nuestros productos y servicio, podemos aceptar anticipo del 50% para dar inicio a las labores contratadas y el pago del saldo para su entrega y\/o despacho.<\/span><\/p>\n<p>[\/et_pb_text][\/et_pb_column][\/et_pb_row][et_pb_row _builder_version=\u00bb4.16&#8243; _module_preset=\u00bbdefault\u00bb custom_padding=\u00bb25px||6px|||\u00bb global_colors_info=\u00bb{}\u00bb][et_pb_column type=\u00bb4_4&#8243; _builder_version=\u00bb4.16&#8243; _module_preset=\u00bbdefault\u00bb global_colors_info=\u00bb{}\u00bb][et_pb_text _builder_version=\u00bb4.16&#8243; _module_preset=\u00bbdefault\u00bb global_colors_info=\u00bb{}\u00bb]<\/p>\n<p><span style=\"color: #333333; font-size: 22px;\">\u00a01. FORMA DE PAGO TRADICIONAL &#8211; (Consignaciones, giros, transferencias o pago en sede):<\/span><\/p>\n<p>-Si eres un Cliente que se encuentra en Colombia y deseas pagar por medio de consignaci\u00f3n, giro o transferencia, puedes hacerlo en la cuenta que se describe a continuaci\u00f3n.\u00a0<\/p>\n<p>-Si eres un Cliente extranjero que se encuentra fuera del territorio nacional (Colombia), puedes pagar en USD (D\u00f3lares Americanos), Transfiriendo o consignando en nuestra cuenta a continuaci\u00f3n.<\/p>\n<p>Debes tener en cuenta que \u00e9ste m\u00e9todo de pago puede incurrir en costos interbancarios y su procesamiento y verificaci\u00f3n requieren m\u00e1s tiempo.<\/p>\n<p><strong>CUENTAS HABILITADAS PARA PAGOS<\/strong><\/p>\n<p>[\/et_pb_text][\/et_pb_column][\/et_pb_row][et_pb_row column_structure=\u00bb1_2,1_2&#8243; _builder_version=\u00bb4.16&#8243; _module_preset=\u00bbdefault\u00bb custom_padding=\u00bb8px||20px|||\u00bb global_colors_info=\u00bb{}\u00bb][et_pb_column type=\u00bb1_2&#8243; _builder_version=\u00bb4.16&#8243; _module_preset=\u00bbdefault\u00bb global_colors_info=\u00bb{}\u00bb][et_pb_text _builder_version=\u00bb4.16&#8243; _module_preset=\u00bbdefault\u00bb global_colors_info=\u00bb{}\u00bb]<\/p>\n<p><span style=\"color: #f76700;\"><strong>1. PAGAS EN COLOMBIA<br \/>(CLIENTES NACIONALES &#8211; PAGO EN PESOS COLOMBIANOS)<\/strong><\/span><\/p>\n<p><em>&#8211;&gt; BANCOLOMBIA: <\/em><br \/>Mediante consignaci\u00f3n o transferencia Bancaria.<br \/>Cta de Ahorros No. 82729469978<br \/>Bancolombia<br \/>Cota, Cundinamarca &#8211; Colombia.<br \/>A Nombre de: SRM Group S.A.S.<\/p>\n<p><strong>Tiempo estimado para procesamiento del pago:<\/strong><br \/><i>1 y hasta 2 d\u00edas h\u00e1biles, en condiciones normales.<\/i><strong><\/strong><\/p>\n<p><strong><\/strong><\/p>\n<p><strong>Valores que deber\u00e1s tener en cuenta al momento del pago:<\/strong><br \/><em>1. I.V.A.<\/em> Si el pago y direcci\u00f3n de facturaci\u00f3n es dentro del territorio nacional (Colombia) debes incluir el valor del I.V.A. en caso de que \u00e9ste no se encuentre especificado en el pedido.<br \/><em>2. Retenciones:<\/em> En caso de que aplique y se generen retenciones correspondientes por ley en tu pago, \u00e9stas debe especificarlas en el correo de comunicaci\u00f3n de pago.<br \/><em>3. Transporte:<\/em> En caso de haber incluido el transporte \u00e9ste, ser\u00e1 especificado por separado y no incurre en pago de I.V.A. ni es sujeto de retenci\u00f3n.<\/p>\n<p>[\/et_pb_text][\/et_pb_column][et_pb_column type=\u00bb1_2&#8243; _builder_version=\u00bb4.16&#8243; _module_preset=\u00bbdefault\u00bb global_colors_info=\u00bb{}\u00bb][et_pb_text _builder_version=\u00bb4.16&#8243; _module_preset=\u00bbdefault\u00bb global_colors_info=\u00bb{}\u00bb]<\/p>\n<p><span style=\"color: #f76700;\"><strong>2. PAGAS DESDE OTROS PAISES DIFERENTES A COLOMBIA <br \/>(CLIENTES EXTRANJEROS &#8211; PARA PAGO EN D\u00d3LARES)<\/strong><\/span><\/p>\n<p><em>&#8211;&gt; Nombre del banco: BANCOLOMBIA<\/em><br \/>Transferencia bancaria internacional.<br \/>Cta No. 82729469978<br \/>Tipo de cuenta: Ahorros<br \/>A Nombre de (Titular): SRM Group S.A.S.<br \/>Identificaci\u00f3n (Nit): 830.069.355-8<br \/>Direcci\u00f3n: AC 100 # 49 &#8211; 87 OF 402<br \/>Podr\u00e1 requerir el c\u00f3digo Swift de 8 o de 11 d\u00edgitos. Dependiendo de ello:<br \/>Codigo Swift de 8 caracteres:COLOCOBM<br \/>Codigo Swift de 11 caracteres:COLOCOBMXXX<\/p>\n<p><strong>Tiempo estimado para procesamiento del pago:<br \/><\/strong><i>2 y hasta 5 d\u00edas h\u00e1biles, en condiciones normales.<\/i><\/p>\n<p><strong>Nota IMPORTANTE:<\/strong> Debes adicionar al total de nuestra cuenta el valor de U$20- (veinte d\u00f3lares) por cada transacci\u00f3n que se realice, correspondiente a gastos interbancarios.<\/p>\n<p>[\/et_pb_text][\/et_pb_column][\/et_pb_row][et_pb_row _builder_version=\u00bb4.20.4&#8243; _module_preset=\u00bbdefault\u00bb custom_padding=\u00bb18px||12px|||\u00bb global_colors_info=\u00bb{}\u00bb][et_pb_column type=\u00bb4_4&#8243; _builder_version=\u00bb4.20.4&#8243; _module_preset=\u00bbdefault\u00bb global_colors_info=\u00bb{}\u00bb][et_pb_text _builder_version=\u00bb4.16&#8243; _module_preset=\u00bbdefault\u00bb global_colors_info=\u00bb{}\u00bb]<\/p>\n<p><span class=\"Texto_SubTituloNaranja\"><strong>RECIBIMOS PAGOS CON QR DE BANCOLOMBIA<\/strong><\/span><\/p>\n<p>Si tiene cuenta en Bancolombia y desea pagar con la app m\u00f3vil, puede leer el siguiente<strong> c\u00f3digo QR.<br \/><\/strong>Debe tener en cuenta el siguiente procedimiento:<br \/>Si el pago es para alguna compra que se va a realizar o realiz\u00f3 en nuestra tienda www.TiendaSRM.com entonces:<br \/>1- Registrarse en nuestra tienda: <a href=\"https:\/\/gruposrm.com\/Tienda2\/login?back=my-account\" target=\"_blank\" rel=\"noopener\"><strong>www.TiendaSRM.com<\/strong><\/a> con los datos de Cliente y facturaci\u00f3n requeridos. No olvides la direcci\u00f3n de env\u00edo en caso de requerir dicho servicio. Si ya te encuentras previamente registrado, sencillamente ingresa con tu Usuario y contrase\u00f1a.<br \/>2- Agregar los productos en el carro de compras e \u00abir a la caja\u00bb<br \/>3- Cuando llegues a \u00ab<em>Formas de Pago<\/em>\u00bb seleccionar\u00a0<strong><em>\u00abconsignaci\u00f3n o transferencia\u00bb<\/em><\/strong> y continuar el proceso<br \/>4- Una vez realizado el pedido recibir\u00e1s un correo con el n\u00famero del pedido y monto a pagar<br \/>5- Escanea con tu tel\u00e9fono este QR y paga<\/p>\n<p>[\/et_pb_text][\/et_pb_column][\/et_pb_row][et_pb_row column_structure=\u00bb1_2,1_2&#8243; _builder_version=\u00bb4.16&#8243; _module_preset=\u00bbdefault\u00bb custom_padding=\u00bb20px||14px|||\u00bb global_colors_info=\u00bb{}\u00bb][et_pb_column type=\u00bb1_2&#8243; _builder_version=\u00bb4.16&#8243; _module_preset=\u00bbdefault\u00bb global_colors_info=\u00bb{}\u00bb][et_pb_image src=\u00bbhttps:\/\/gruposrm.com\/web\/wp-content\/uploads\/QR-SRM-Bancolombia.jpg\u00bb alt=\u00bbQR Bancolombia Grupo SRM &#8211; SRM Grouop\u00bb title_text=\u00bbQR-SRM-Bancolombia\u00bb _builder_version=\u00bb4.27.4&#8243; _module_preset=\u00bbdefault\u00bb global_colors_info=\u00bb{}\u00bb][\/et_pb_image][\/et_pb_column][et_pb_column type=\u00bb1_2&#8243; _builder_version=\u00bb4.16&#8243; _module_preset=\u00bbdefault\u00bb global_colors_info=\u00bb{}\u00bb][et_pb_text _builder_version=\u00bb4.16&#8243; _module_preset=\u00bbdefault\u00bb global_colors_info=\u00bb{}\u00bb]<\/p>\n<p><strong>\u00bfC\u00f3mo pagar con este QR?<\/strong><br \/>Es muy sencillo y hay 2 formas:<\/p>\n<p><strong>1. Si solo tienes tu Celular:<br \/><\/strong>\u00a0\u2013 Guarda la imagen del QR en tus fotos, o rollo fotogr\u00e1fico, o galer\u00eda de fotos en tu celular.<br \/>\u2013 Ingresa a la App del banco y pincha en \u00abTransferir dinero\u00bb.<br \/>\u2013 Selecciona \u00abTransferir con c\u00f3digo QR\u00bb<br \/>\u2013 Te aparecer\u00e1n 2 opciones: C\u00c1MARA e IMAGEN. Selecciona IMAGEN.<br \/>\u2013 Se abrir\u00e1 tu galer\u00eda de im\u00e1genes donde previamente hab\u00edas guardado el c\u00f3digo QR. B\u00fascalo y selecciona la imagen.<br \/>\u2013 Ingresa el valor a pagar. <strong>No olvides incluir:<\/strong> costo de los impuestos a pagar y el costo de env\u00edo. Contin\u00faa el proceso.<br \/>\u2013 \u00a1Listo!<\/p>\n<p><strong>2. Si estas viendo esta p\u00e1gina desde un computador, o tienes la opci\u00f3n de tener 2 pantallas distintas (Ej. 2 celulares):<\/strong><br \/>\u2013 Abre la App del Banco, y pincha el bot\u00f3n \u00abQR\u00bb<br \/>\u2013 Pincha \u00abLeer c\u00f3digo QR\u00bb, apunta con la c\u00e1mara a \u00e9ste c\u00f3digo.<br \/>\u2013 Ingresa el valor a pagar. <strong>No olvides incluir:<\/strong> costo de los impuestos a pagar y el costo de env\u00edo. Contin\u00faa el proceso.<br \/>\u2013 \u00a1Listo!<\/p>\n<p>[\/et_pb_text][\/et_pb_column][\/et_pb_row][et_pb_row column_structure=\u00bb1_2,1_2&#8243; _builder_version=\u00bb4.16&#8243; _module_preset=\u00bbdefault\u00bb custom_padding=\u00bb20px||14px|||\u00bb global_colors_info=\u00bb{}\u00bb][et_pb_column type=\u00bb1_2&#8243; _builder_version=\u00bb4.16&#8243; _module_preset=\u00bbdefault\u00bb global_colors_info=\u00bb{}\u00bb][et_pb_image src=\u00bbhttps:\/\/gruposrm.com\/web\/wp-content\/uploads\/Bre-B-GrupoSRM.jpeg\u00bb alt=\u00bbQR Bancolombia Grupo SRM &#8211; SRM Grouop\u00bb title_text=\u00bbBre-B &#8211; GrupoSRM\u00bb _builder_version=\u00bb4.27.6&#8243; _module_preset=\u00bbdefault\u00bb hover_enabled=\u00bb0&#8243; global_colors_info=\u00bb{}\u00bb sticky_enabled=\u00bb0&#8243;][\/et_pb_image][\/et_pb_column][et_pb_column type=\u00bb1_2&#8243; _builder_version=\u00bb4.16&#8243; _module_preset=\u00bbdefault\u00bb global_colors_info=\u00bb{}\u00bb][et_pb_text _builder_version=\u00bb4.16&#8243; _module_preset=\u00bbdefault\u00bb global_colors_info=\u00bb{}\u00bb]<\/p>\n<p><strong>Pago con Bre-B &#8211; <\/strong>Llave: 0087266518<\/p>\n<p><strong>\u00bfC\u00f3mo pagar con este QR?<\/strong><br \/>Es muy sencillo y hay 2 formas:<\/p>\n<p><strong>1. Si solo tienes tu Celular:<br \/><\/strong>\u00a0\u2013 Guarda la imagen del QR en tus fotos, o rollo fotogr\u00e1fico, o galer\u00eda de fotos en tu celular.<br \/>\u2013 Ingresa a la App del banco y pincha en \u00abTransferir dinero\u00bb.<br \/>\u2013 Selecciona \u00abTransferir con c\u00f3digo QR\u00bb<br \/>\u2013 Te aparecer\u00e1n 2 opciones: C\u00c1MARA e IMAGEN. Selecciona IMAGEN.<br \/>\u2013 Se abrir\u00e1 tu galer\u00eda de im\u00e1genes donde previamente hab\u00edas guardado el c\u00f3digo QR. B\u00fascalo y selecciona la imagen.<br \/>\u2013 Ingresa el valor a pagar. <strong>No olvides incluir:<\/strong> costo de los impuestos a pagar y el costo de env\u00edo. Contin\u00faa el proceso.<br \/>\u2013 \u00a1Listo!<\/p>\n<p><strong>2. Si estas viendo esta p\u00e1gina desde un computador, o tienes la opci\u00f3n de tener 2 pantallas distintas (Ej. 2 celulares):<\/strong><br \/>\u2013 Abre la App del Banco, y pincha el bot\u00f3n \u00abQR\u00bb<br \/>\u2013 Pincha \u00abLeer c\u00f3digo QR\u00bb, apunta con la c\u00e1mara a \u00e9ste c\u00f3digo.<br \/>\u2013 Ingresa el valor a pagar. <strong>No olvides incluir:<\/strong> costo de los impuestos a pagar y el costo de env\u00edo. Contin\u00faa el proceso.<br \/>\u2013 \u00a1Listo!<\/p>\n<p>[\/et_pb_text][\/et_pb_column][\/et_pb_row][et_pb_row column_structure=\u00bb1_3,2_3&#8243; _builder_version=\u00bb4.16&#8243; _module_preset=\u00bbdefault\u00bb background_color=\u00bbRGBA(0,0,0,0)\u00bb custom_padding=\u00bb20px||20px|||\u00bb global_colors_info=\u00bb{}\u00bb][et_pb_column type=\u00bb1_3&#8243; _builder_version=\u00bb4.16&#8243; _module_preset=\u00bbdefault\u00bb global_colors_info=\u00bb{}\u00bb][et_pb_image src=\u00bbhttps:\/\/gruposrm.com\/web\/wp-content\/uploads\/importante.jpg\u00bb title_text=\u00bbimportante\u00bb _builder_version=\u00bb4.16&#8243; _module_preset=\u00bbdefault\u00bb global_colors_info=\u00bb{}\u00bb][\/et_pb_image][\/et_pb_column][et_pb_column type=\u00bb2_3&#8243; _builder_version=\u00bb4.16&#8243; _module_preset=\u00bbdefault\u00bb global_colors_info=\u00bb{}\u00bb][et_pb_text _builder_version=\u00bb4.16&#8243; _module_preset=\u00bbdefault\u00bb global_colors_info=\u00bb{}\u00bb]<\/p>\n<h3><span style=\"color: #f76700;\"><strong>Muy importante&#8230;<\/strong><\/span><\/h3>\n<p><strong>UNA VEZ PAGADO EL PRODUCTO O SERVICIO \u00bf QUE DEBE HACER ?<\/strong><\/p>\n<p>Si tu pago fue a trav\u00e9s de <em>PayU, PayPal, Wompi, ePayco<\/em>, o <em>BitCoin<\/em> no debes hacer nada. La plataforma nos reportar\u00e1 el estado del pago.<br \/>Si tu pago fue mediante giro, transferencia, o consignaci\u00f3n debes enviar una copia del recibo o comprobante de pago al correo que se indicar\u00e1 con el pedido (<em>S\u00f3lo as\u00ed podremos verificar y registrar su pago<\/em>) para proceder.<\/p>\n<p><strong>Datos que se DEBEN incluir:<\/strong><br \/>&#8211; Copia del comprobante de pago, transferencia, giro o consignaci\u00f3n.<br \/>&#8211; N\u00famero o referencia de pedido, factura, cuenta de cobro o Presupuesto al cual se le est\u00e1 abonando el pago realizado.<br \/>Debes enviar el comprobante a nuestro e-mail. contabilidad[arroba]gruposrm.com* o&#8230;<br \/>a nuestro WhatsApp +573103101789<\/p>\n<p>Estos pagos est\u00e1n sujetos a comprobaci\u00f3n bancaria (En caso de giro, transferencia y\/o consignaci\u00f3n).<br \/>La activaci\u00f3n, fabricaci\u00f3n y\/o procesamiento de pedidos, as\u00ed como la entrega y env\u00edo de productos se llevar\u00e1 a cabo una vez confirmada la transacci\u00f3n y s\u00f3lo cuando el pago se haya hecho efectivo en nuestros haberes.<\/p>\n<p><strong>Facturaci\u00f3n:<\/strong><br \/>Somos facturadores electr\u00f3nicos. Por tal raz\u00f3n la factura de venta, una vez pagada, te ser\u00e1 enviada a la direcci\u00f3n de correo electr\u00f3nico suministrado.<br \/>Las facturas electr\u00f3nicas se suelen elaborar los jueves y viernes de cada semana.<br \/>En caso que el \u00faltimo dia del mes no sea viernes, se elaborar\u00e1n dentro de los \u00faltimos d\u00edas del mes.<\/p>\n<p>Nuestro N\u00famero de identificaci\u00f3n legal (NIT \/ RUT) es: 830.069.355-8 Puedes consultar nuestra vigencia en la C\u00e1mara de Comercio de Bogot\u00e1: <a href=\"http:\/\/www.ccb.org.co\" target=\"_blank\" rel=\"noopener noreferrer\">www.ccb.org.co<\/a><\/p>\n<p>Si tiene alguna duda al respecto, por favor no dudes en <span style=\"color: #f76700;\"><strong><a href=\"https:\/\/gruposrm.com\/web\/inicio\/contacto-grupo-srm\/\" style=\"color: #f76700;\">contactarnos<\/a><\/strong>.<\/span><\/p>\n<p>[\/et_pb_text][\/et_pb_column][\/et_pb_row][et_pb_row _builder_version=\u00bb4.20.2&#8243; _module_preset=\u00bbdefault\u00bb custom_padding=\u00bb8px||13px|||\u00bb global_colors_info=\u00bb{}\u00bb][et_pb_column type=\u00bb4_4&#8243; _builder_version=\u00bb4.20.2&#8243; _module_preset=\u00bbdefault\u00bb global_colors_info=\u00bb{}\u00bb][et_pb_text _builder_version=\u00bb4.17.3&#8243; _module_preset=\u00bbdefault\u00bb global_colors_info=\u00bb{}\u00bb]<\/p>\n<h3>2. FORMA DE PAGO DIGITALES Y EN LINEA:<\/h3>\n<p><strong>RECIBIMOS TODAS LAS TARJETAS DE CR\u00c9DITO Y PAGOS PSE. UTILICE LOS SIGUIENTES DAT\u00c1FONOS VIRTUALES:<\/strong><\/p>\n<p>[\/et_pb_text][\/et_pb_column][\/et_pb_row][et_pb_row column_structure=\u00bb1_2,1_2&#8243; _builder_version=\u00bb4.20.2&#8243; _module_preset=\u00bbdefault\u00bb custom_padding=\u00bb13px||14px|||\u00bb global_colors_info=\u00bb{}\u00bb][et_pb_column type=\u00bb1_2&#8243; _builder_version=\u00bb4.20.2&#8243; _module_preset=\u00bbdefault\u00bb global_colors_info=\u00bb{}\u00bb][et_pb_image src=\u00bbhttps:\/\/gruposrm.com\/web\/wp-content\/uploads\/Datafono-Wompi.jpg\u00bb url=\u00bbhttps:\/\/checkout.wompi.co\/l\/VPOS_HggXFe\u00bb url_new_window=\u00bbon\u00bb _builder_version=\u00bb4.20.2&#8243; _module_preset=\u00bbdefault\u00bb custom_margin=\u00bb||8px|||\u00bb global_colors_info=\u00bb{}\u00bb][\/et_pb_image][\/et_pb_column][et_pb_column type=\u00bb1_2&#8243; _builder_version=\u00bb4.20.2&#8243; _module_preset=\u00bbdefault\u00bb global_colors_info=\u00bb{}\u00bb][et_pb_text _builder_version=\u00bb4.20.2&#8243; _module_preset=\u00bbdefault\u00bb global_colors_info=\u00bb{}\u00bb]<\/p>\n<p><em><strong>Ten en cuenta que al usar <span style=\"color: #ff6600;\"><a href=\"https:\/\/checkout.wompi.co\/l\/VPOS_HggXFe\" target=\"_blank\" rel=\"noopener\" style=\"color: #ff6600;\">Wompi<\/a><\/span>, todo pago se debe realizar en Pesos Colombianos (COP). El valor debe ser escrito en esta divisa.<\/strong><\/em><br \/>Si tu compra es a trav\u00e9s de nuestras Tiendas online: TiendaSRM.com o Espuf.com, \u00a0en la p\u00e1gina de detalle de cada producto encontrar\u00e1s \u00abFORMAS DE PAGO\u00bb. En ese caso pincha all\u00ed. Te traer\u00e1 a esta p\u00e1gina.<\/p>\n<p>Si el precio te figura en otra moneda diferente a (COP), en la parte superior (franja negra) debes seleccionar en \u00abMoneda\u00bb -&gt; \u00abPeso Colombia (COP)\u00bb e indicar este valor. Ten encuenta tambi\u00e9n incluir impuestos y costos de env\u00edo. Una vez pagado, env\u00edanos tu comprobante, para procesar tu orden.<\/p>\n<p><strong>Nota:<\/strong> Si eres un cliente que se encuentra fuera de Colombia, para que no se presente inconveniente sugerimos avisar con antelaci\u00f3n a tu banco, \u00a0que vas a realizar pagos con tu tarjeta en dicho pa\u00eds, e indicarles el monto aproximado de la transacci\u00f3n. De esta forma se minimizar\u00e1n rechazos y bloqueos por parte de las pasarelas de pago.<\/p>\n<p>[\/et_pb_text][\/et_pb_column][\/et_pb_row][et_pb_row _builder_version=\u00bb4.16&#8243; _module_preset=\u00bbdefault\u00bb custom_padding=\u00bb11px||15px|||\u00bb global_colors_info=\u00bb{}\u00bb][et_pb_column type=\u00bb4_4&#8243; _builder_version=\u00bb4.16&#8243; _module_preset=\u00bbdefault\u00bb global_colors_info=\u00bb{}\u00bb][et_pb_text _builder_version=\u00bb4.27.4&#8243; _module_preset=\u00bbdefault\u00bb custom_margin=\u00bb||9px|||\u00bb global_colors_info=\u00bb{}\u00bb]<\/p>\n<p class=\"font-claude-response-body break-words whitespace-normal leading-[1.7]\"><strong>C\u00f3mo pagar en nuestras tiendas online (TiendaSRM.com o Espuf.com)<\/strong><\/p>\n<p class=\"font-claude-response-body break-words whitespace-normal leading-[1.7]\"><strong>1. Elige tu moneda o divisa<\/strong> Antes de pagar, selecciona la divisa en la parte superior de la tienda: COP, USD, EUR, CLP o MXN.<br \/>Si recibes el producto en Colombia, elige COP.<\/p>\n<p class=\"font-claude-response-body break-words whitespace-normal leading-[1.7]\"><strong>2. Selecciona PayU como m\u00e9todo de pago<\/strong> Aceptamos tarjetas de cr\u00e9dito, pagos PSE y pagos en efectivo en puntos de pago autorizados. Es un proceso 100% seguro: tus datos bancarios nunca son compartidos con terceros ni con nosotros.<\/p>\n<p class=\"font-claude-response-body break-words whitespace-normal leading-[1.7]\"><strong>3. \u00bfCu\u00e1ndo se procesa el pago?<\/strong> Por lo general de forma inmediata. En algunos casos el banco puede tardar hasta 24 horas en aprobar la transacci\u00f3n manualmente.<\/p>\n<p class=\"font-claude-response-body break-words whitespace-normal leading-[1.7]\"><strong>4. Si pagas en efectivo<\/strong> Tienes hasta 24 horas despu\u00e9s de hacer el pedido para completar el pago. Si no se registra el pago en ese plazo, el pedido se cancelar\u00e1 autom\u00e1ticamente y deber\u00e1s hacer uno nuevo.<\/p>\n<p class=\"font-claude-response-body break-words whitespace-normal leading-[1.7]\"><strong>\u00bfCompras desde fuera de Colombia o superiores a COP $3.000.000 (USD 1.000)?<\/strong> Te recomendamos avisar a tu banco antes de pagar que realizar\u00e1s una transacci\u00f3n en Colombia e indicarles el monto aproximado. Esto evita bloqueos o rechazos innecesarios.<\/p>\n<p>[\/et_pb_text][et_pb_image src=\u00bbhttps:\/\/gruposrm.com\/web\/wp-content\/uploads\/Pagos-foraneos.jpg\u00bb title_text=\u00bbPagos-foraneos\u00bb url=\u00bbhttps:\/\/paypal.me\/gruposrm?country.x=CO&#038;locale.x=es_XC\u00bb url_new_window=\u00bbon\u00bb _builder_version=\u00bb4.27.4&#8243; _module_preset=\u00bbdefault\u00bb custom_margin=\u00bb||15px|||\u00bb global_colors_info=\u00bb{}\u00bb][\/et_pb_image][et_pb_text _builder_version=\u00bb4.27.4&#8243; _module_preset=\u00bbdefault\u00bb global_colors_info=\u00bb{}\u00bb]<\/p>\n<p>Si tu compra es a trav\u00e9s de nuestras Tiendas online: TiendaSRM.com o Espuf.com,\u00a0 puedes seleccionar <a href=\"https:\/\/paypal.me\/gruposrm?country.x=CO&amp;locale.x=es_XC\" target=\"_blank\" rel=\"noopener\"><em><strong>PayPal<\/strong><\/em> .<\/a><br \/>PayPal aceptar\u00e1 todas las tarjetas de cr\u00e9dito o pagos desde la billetera o cuenta PayPal.<br \/>Si deseas pagar en efectivo, consignando en un banco local de tu pa\u00eds, podr\u00e1s usar SafetyPay. Para ello en la secci\u00f3n de pago deberas seleccionar en primera instancia ePayco y posteriormente safetypay.<\/p>\n<p>[\/et_pb_text][\/et_pb_column][\/et_pb_row][et_pb_row _builder_version=\u00bb4.16&#8243; _module_preset=\u00bbdefault\u00bb custom_padding=\u00bb19px||17px|||\u00bb global_colors_info=\u00bb{}\u00bb][et_pb_column type=\u00bb4_4&#8243; _builder_version=\u00bb4.16&#8243; _module_preset=\u00bbdefault\u00bb global_colors_info=\u00bb{}\u00bb][et_pb_text _builder_version=\u00bb4.16&#8243; _module_preset=\u00bbdefault\u00bb global_colors_info=\u00bb{}\u00bb]<\/p>\n<p><strong>RECIBIMOS PAGOS CON BITCOINS<\/strong><span style=\"font-size: 15px;\">\u00a0<\/span><\/p>\n<p><span style=\"font-size: 15px;\">Ahora puede pagar las compras llevadas a cabo en nuestras tiendas online como TiendaSRM.com y Espuf.com, con <\/span><strong style=\"font-size: 15px;\">Bitcoins<\/strong><span style=\"font-size: 15px;\">.<br \/><\/span><span style=\"font-size: 15px;\">Para ello sencillamente seleccione su divisa favorita en la tienda, sean estos d\u00f3lares americanos, pesos Colombianos, Chilenos, Mexicanos, Euros&#8230; Ingrese los productos al carrito y en la secci\u00f3n de pago, seleccione como m\u00e9todo de pago \u00ab<\/span><em style=\"font-size: 15px;\"><strong>Pagar con Bitcoin<\/strong><\/em><span style=\"font-size: 15px;\">\u00ab.<\/span><\/p>\n<p><span style=\"font-size: 15px;\">El sistema convertir\u00e1 autom\u00e1ticamente los valores de dichas divisas a su valor en Bitcoins y generar\u00e1 el c\u00f3digo QR para que pueda realizar el pago desde su billetera.<\/span><\/p>\n<p>As\u00ed lo encontrar\u00e1 en nuestras tiendas:<\/p>\n<p>[\/et_pb_text][et_pb_image src=\u00bbhttps:\/\/gruposrm.com\/web\/wp-content\/uploads\/Pagos-Con-Bitcoin.jpg\u00bb title_text=\u00bbPagos-Con-Bitcoin\u00bb _builder_version=\u00bb4.16&#8243; _module_preset=\u00bbdefault\u00bb global_colors_info=\u00bb{}\u00bb][\/et_pb_image][\/et_pb_column][\/et_pb_row][\/et_pb_section]<\/p>\n","protected":false},"excerpt":{"rendered":"<p>FORMAS Y MEDIOS DE PAGOAnte todo, somos una empresa Colombiana, legalmente constituida ante la CCB desde el a\u00f1o 2.000. SRM Group S.A.S. Si, generamos factura electr\u00f3nica legal bajo la normativa vigente y mediante software contable autorizado por la DIAN.- Nuestro RUT \/ NIT es el 830.069.355-8- Puedes descargar nuestros documentos p\u00fablicos legales (RUT, C\u00e1mara de [&hellip;]<\/p>\n","protected":false},"author":2,"featured_media":0,"parent":0,"menu_order":0,"comment_status":"closed","ping_status":"closed","template":"","meta":{"_et_pb_use_builder":"on","_et_pb_old_content":"","_et_gb_content_width":"","footnotes":""},"difl_page_category":[243,241,244,245,246,247,242],"class_list":["post-919","page","type-page","status-publish","hentry","difl_page_category-datos-para-pago","difl_page_category-formas-de-pago-en-grupo-srm","difl_page_category-pago-con-tarjeta","difl_page_category-pago-con-transferencia","difl_page_category-pago-de-productos","difl_page_category-pago-de-servicios","difl_page_category-qr-de-pago"],"_links":{"self":[{"href":"https:\/\/gruposrm.com\/web\/inicio\/wp-json\/wp\/v2\/pages\/919","targetHints":{"allow":["GET"]}}],"collection":[{"href":"https:\/\/gruposrm.com\/web\/inicio\/wp-json\/wp\/v2\/pages"}],"about":[{"href":"https:\/\/gruposrm.com\/web\/inicio\/wp-json\/wp\/v2\/types\/page"}],"author":[{"embeddable":true,"href":"https:\/\/gruposrm.com\/web\/inicio\/wp-json\/wp\/v2\/users\/2"}],"replies":[{"embeddable":true,"href":"https:\/\/gruposrm.com\/web\/inicio\/wp-json\/wp\/v2\/comments?post=919"}],"version-history":[{"count":80,"href":"https:\/\/gruposrm.com\/web\/inicio\/wp-json\/wp\/v2\/pages\/919\/revisions"}],"predecessor-version":[{"id":5522,"href":"https:\/\/gruposrm.com\/web\/inicio\/wp-json\/wp\/v2\/pages\/919\/revisions\/5522"}],"wp:attachment":[{"href":"https:\/\/gruposrm.com\/web\/inicio\/wp-json\/wp\/v2\/media?parent=919"}],"wp:term":[{"taxonomy":"difl_page_category","embeddable":true,"href":"https:\/\/gruposrm.com\/web\/inicio\/wp-json\/wp\/v2\/difl_page_category?post=919"}],"curies":[{"name":"wp","href":"https:\/\/api.w.org\/{rel}","templated":true}]}}